{"id":26,"date":"2018-04-25T07:28:27","date_gmt":"2018-04-25T07:28:27","guid":{"rendered":"http:\/\/gostyninpowiat.home.pl\/autoinstalator\/wordpress1\/?page_id=26"},"modified":"2018-07-23T10:31:48","modified_gmt":"2018-07-23T08:31:48","slug":"start","status":"publish","type":"page","link":"http:\/\/ebok.gostynin.powiat.pl\/","title":{"rendered":"Start"},"content":{"rendered":"<p style=\"text-align: center;\">WITAMY NA STRONIE INTERNETOWEGO BIURA OBS\u0141UGI INTERESANTA<br \/>\nSTAROSTWA POWIATOWEGO W GOSTYNINIE<\/p>\n<p>&nbsp;<\/p>\n<div class=\"row justify-content-md-center\">\n<div class=\"col-auto\">\n<p><a class=\"btn btn-warning btn-lg btn-block\" role=\"button\" href=\" http:\/\/ebok.gostynin.powiat.pl\/?page_id=23\">PRZEJD\u0179 DO KART US\u0141UG<\/a><br \/>\n<a class=\"btn btn-success btn-lg btn-block\" role=\"button btn-block\" href=\"https:\/\/epuap.gov.pl\" target=\"_blank\" rel=\"noopener\">PLATFORMA E-PUAP<\/a><\/p>\n<\/div>\n<\/div>\n","protected":false},"excerpt":{"rendered":"<p>WITAMY NA STRONIE INTERNETOWEGO BIURA OBS\u0141UGI INTERESANTA STAROSTWA POWIATOWEGO W GOSTYNINIE &nbsp; PRZEJD\u0179 DO KART US\u0141UG PLATFORMA E-PUAP<\/p>\n","protected":false},"author":1,"featured_media":0,"parent":0,"menu_order":0,"comment_status":"closed","ping_status":"closed","template":"","meta":[],"_links":{"self":[{"href":"http:\/\/ebok.gostynin.powiat.pl\/index.php?rest_route=\/wp\/v2\/pages\/26"}],"collection":[{"href":"http:\/\/ebok.gostynin.powiat.pl\/index.php?rest_route=\/wp\/v2\/pages"}],"about":[{"href":"http:\/\/ebok.gostynin.powiat.pl\/index.php?rest_route=\/wp\/v2\/types\/page"}],"author":[{"embeddable":true,"href":"http:\/\/ebok.gostynin.powiat.pl\/index.php?rest_route=\/wp\/v2\/users\/1"}],"replies":[{"embeddable":true,"href":"http:\/\/ebok.gostynin.powiat.pl\/index.php?rest_route=%2Fwp%2Fv2%2Fcomments&post=26"}],"version-history":[{"count":19,"href":"http:\/\/ebok.gostynin.powiat.pl\/index.php?rest_route=\/wp\/v2\/pages\/26\/revisions"}],"predecessor-version":[{"id":884,"href":"http:\/\/ebok.gostynin.powiat.pl\/index.php?rest_route=\/wp\/v2\/pages\/26\/revisions\/884"}],"wp:attachment":[{"href":"http:\/\/ebok.gostynin.powiat.pl\/index.php?rest_route=%2Fwp%2Fv2%2Fmedia&parent=26"}],"curies":[{"name":"wp","href":"https:\/\/api.w.org\/{rel}","templated":true}]}}