{"id":328,"date":"2018-05-30T13:07:08","date_gmt":"2018-05-30T11:07:08","guid":{"rendered":"http:\/\/eboi.gostynin.powiat.pl\/?page_id=328"},"modified":"2019-02-08T14:50:15","modified_gmt":"2019-02-08T12:50:15","slug":"gk","status":"publish","type":"page","link":"http:\/\/ebok.gostynin.powiat.pl\/?page_id=328","title":{"rendered":"GK"},"content":{"rendered":"<h4>WYDZIA\u0141 GEODEZJI KARTOGRAFII KATASTRU I NIERUCHOMO\u015aCI<\/h4>\n<p><i class=\"fa fa-home fa-fw\"><\/i>  3 Maja 43B (Budynek B)<br \/>\n<i class=\"fa fa-home fa-fw\"><\/i>  09-500 Gostynin<br \/>\n<i class=\"fa fa-hand-o-right fa-fw\"><\/i>  pok\u00f3j nr 115 (Naczelnik) <i class=\"fa fa-phone fa-fw\"><\/i>  24 235 85 09 (Naczelnik)<br \/>\n<i class=\"fa fa-hand-o-right fa-fw\"><\/i>  pok\u00f3j nr 118 (dokumentacja geodezyjna i kartograficzna) <i class=\"fa fa-phone fa-fw\"><\/i>  24 235 24 84 <br \/>\n<i class=\"fa fa-hand-o-right fa-fw\"><\/i>  pok\u00f3j nr 120 (ewidencja grunt\u00f3w i budynk\u00f3w) <i class=\"fa fa-phone fa-fw\"><\/i>  24 235 55 13 <br \/>\n<i class=\"fa fa-hand-o-right fa-fw\"><\/i>  pok\u00f3j nr 117 (mapa numeryczna) <i class=\"fa fa-phone fa-fw\"><\/i>  24 235 85 07 <br \/>\n<i class=\"fa fa-hand-o-right fa-fw\"><\/i>  pok\u00f3j nr 105 (gospodarka nieruchomo\u015bciami) <i class=\"fa fa-phone fa-fw\"><\/i>  24 235 85 08 <br \/>\n<i class=\"fa fa-hand-o-right fa-fw\"><\/i>  pok\u00f3j nr 122 (klasyfikacja grunt\u00f3w) <i class=\"fa fa-phone fa-fw\"><\/i>  24 235 85 06 <br \/>\n<i class=\"fa fa-hand-o-right fa-fw\"><\/i>  pok\u00f3j nr 104 (zesp\u00f3\u0142 uzgodnie\u0144 dokumentacji) <i class=\"fa fa-phone fa-fw\"><\/i>  24 235 85 04 <br \/>\n<i class=\"fa fa-envelope-o fa-fw\"><\/i> geodezja@gostynin.powiat.pl<br \/>\n<\/br><br \/>\n<\/br><\/p>\n<p style=\"text-align: center;\">STRONA W BUDOWIE<\/p>\n<p>Aktualne formularze znajduj\u0105 si\u0119 pod adresem:<\/p>\n<p><a href=\"http:\/\/gostynin.powiat.pl\/content-component\/article-categories\/601-wydzial-geodezji-kartografii-katastru-i-nieruchomosci\" target=\"_blank\">http:\/\/gostynin.powiat.pl\/content-component\/article-categories\/601-wydzial-geodezji-kartografii-katastru-i-nieruchomosci<\/a><br \/>\n<\/br><br \/>\n<\/br><br \/>\n<\/br><\/p>\n","protected":false},"excerpt":{"rendered":"<p>WYDZIA\u0141 GEODEZJI KARTOGRAFII KATASTRU I NIERUCHOMO\u015aCI 3 Maja 43B (Budynek B) 09-500 Gostynin pok\u00f3j nr 115 (Naczelnik) 24 235 85 09 (Naczelnik) pok\u00f3j nr 118 (dokumentacja geodezyjna i kartograficzna) 24 235 24 84 pok\u00f3j nr 120 (ewidencja grunt\u00f3w i budynk\u00f3w) 24 235 55 13 pok\u00f3j nr 117 (mapa numeryczna) 24 235 85 07 pok\u00f3j nr [&hellip;]<\/p>\n","protected":false},"author":1,"featured_media":0,"parent":0,"menu_order":0,"comment_status":"closed","ping_status":"closed","template":"fullwidth.php","meta":[],"_links":{"self":[{"href":"http:\/\/ebok.gostynin.powiat.pl\/index.php?rest_route=\/wp\/v2\/pages\/328"}],"collection":[{"href":"http:\/\/ebok.gostynin.powiat.pl\/index.php?rest_route=\/wp\/v2\/pages"}],"about":[{"href":"http:\/\/ebok.gostynin.powiat.pl\/index.php?rest_route=\/wp\/v2\/types\/page"}],"author":[{"embeddable":true,"href":"http:\/\/ebok.gostynin.powiat.pl\/index.php?rest_route=\/wp\/v2\/users\/1"}],"replies":[{"embeddable":true,"href":"http:\/\/ebok.gostynin.powiat.pl\/index.php?rest_route=%2Fwp%2Fv2%2Fcomments&post=328"}],"version-history":[{"count":16,"href":"http:\/\/ebok.gostynin.powiat.pl\/index.php?rest_route=\/wp\/v2\/pages\/328\/revisions"}],"predecessor-version":[{"id":672,"href":"http:\/\/ebok.gostynin.powiat.pl\/index.php?rest_route=\/wp\/v2\/pages\/328\/revisions\/672"}],"wp:attachment":[{"href":"http:\/\/ebok.gostynin.powiat.pl\/index.php?rest_route=%2Fwp%2Fv2%2Fmedia&parent=328"}],"curies":[{"name":"wp","href":"https:\/\/api.w.org\/{rel}","templated":true}]}}