{"id":7398,"date":"2023-01-03T13:40:22","date_gmt":"2023-01-03T11:40:22","guid":{"rendered":"http:\/\/ebok.gostynin.powiat.pl\/?page_id=7398"},"modified":"2023-01-03T14:51:06","modified_gmt":"2023-01-03T12:51:06","slug":"dt_transport_13","status":"publish","type":"page","link":"http:\/\/ebok.gostynin.powiat.pl\/?page_id=7398","title":{"rendered":"DT_transport_13"},"content":{"rendered":"<p><span style=\"text-decoration: underline;\"><strong><br \/>\nO\u015aWIADCZENIE O LICZBIE  ZATRUDNIONYCH OS\u00d3B I INFORMACJA O \u015aREDNIEJ ARYTMETYCZNEJ LICZBY KIEROWC\u00d3W<br \/>\n<\/strong><\/span><\/p>\n<p><strong><br \/>\nWYMAGANE DOKUMENTY:<br \/>\n<\/strong><\/p>\n<p>Ka\u017cdy przedsi\u0119biorca posiadaj\u0105cy zezwolenie na wykonywanie zawodu przewo\u017anika drogowego (licencj\u0119) przedk\u0142ada corocznie organowi, kt\u00f3ry wyda\u0142 w\/w uprawnienie, w terminie do dnia 31 marca roku nast\u0119pnego (art. 7a ust. 8 ustawy o transporcie drogowym):<\/p>\n<ol>\n<li>o\u015bwiadczenie o liczbie os\u00f3b zatrudnionych, w tym os\u00f3b, o kt\u00f3rych mowa w pkt 2, na dzie\u0144 31 grudnia poprzedniego roku, bez wzgl\u0119du na form\u0119 zatrudnienia,<\/li>\n<li>informacj\u0119 o \u015bredniej arytmetycznej liczby kierowc\u00f3w zatrudnionych, bez wzgl\u0119du na form\u0119 zatrudnienia, wykonuj\u0105cych operacje transportowe w roku poprzedzaj\u0105cym obowi\u0105zek z\u0142o\u017cenia informacji.<\/li>\n<\/ol>\n<p><strong><\/strong><\/p>\n<p><strong><\/strong><\/p>\n<p><strong><\/strong><\/p>\n<p><strong><\/strong><\/p>\n<p><strong><\/strong><\/p>\n<p><strong><\/strong><\/p>\n<p><strong><\/strong><\/p>\n<p><strong><\/strong><\/p>\n<p><strong><\/strong><\/p>\n<p><strong><\/strong><\/p>\n<p><strong><\/strong><\/p>\n<p><strong><\/strong><\/p>\n<p><strong><\/strong><\/p>\n<p><strong><\/strong><\/p>\n<p><strong><\/strong><\/p>\n<p><strong><\/strong><\/p>\n<p><strong><\/strong><\/p>\n<p><strong><\/strong><\/p>\n<p><strong><\/p>\n<hr>\n<p><\/strong><strong><\/strong><strong><\/strong><strong><\/strong><strong><\/strong><strong><\/strong><strong><\/strong><strong><\/strong><strong><\/strong><strong><\/strong><strong><\/strong><strong><\/strong><strong><\/strong><strong><\/strong><strong><\/strong><strong><\/strong><strong><\/strong><strong>DRUKI DO POBRANIA:<br \/>\n<\/strong><\/p>\n<table id=\"druki\">\n<tbody>\n<tr>\n<td><a href=\"img\/druki\/dt\/osw_inf.docx\"><img decoding=\"async\" src=\"img\/doc.png\"><\/a>&nbsp;&nbsp;<\/td>\n<td><a href=\"img\/druki\/dt\/osw_inf.pdf\"><img decoding=\"async\" src=\"img\/pdf.png\"><\/a>&nbsp;&nbsp;<\/td>\n<td>O\u015bwiadczenie i informacja &nbsp;&nbsp;&nbsp;&nbsp;&nbsp;&nbsp;<\/td>\n<td>&nbsp;<\/td>\n<\/tr>\n<\/tbody>\n<\/table>\n<hr>\n<ul class=\"nav nav-pills\">\n<li class=\"nav-item\"><a class=\"nav-link active\" href=\"#miejsce\" data-toggle=\"tab\">MIEJSCE Z\u0141O\u017bENIA<br \/>\n<\/a><\/li>\n<li class=\"nav-item\"><a class=\"nav-link\" href=\"#oplaty\" data-toggle=\"tab\">OP\u0141ATY<br \/>\n<\/a><\/li>\n<li class=\"nav-item\"><a class=\"nav-link\" href=\"#podstawa\" data-toggle=\"tab\">PODSTAWA PRAWNA<br \/>\n<\/a><\/li>\n<li class=\"nav-item\"><a class=\"nav-link\" href=\"#tryb\" data-toggle=\"tab\">TRYB ZA\u0141ATWIENIA<br \/>\n<\/a><\/li>\n<li class=\"nav-item\"><a class=\"nav-link\" href=\"#termin\" data-toggle=\"tab\">TERMIN ZA\u0141ATWIENIA<br \/>\n<\/a><\/li>\n<li class=\"nav-item\"><a class=\"nav-link\" href=\"#inne\" data-toggle=\"tab\">INNE<br \/>\n<\/a><\/li>\n<\/ul>\n<p><!-- Tab panels --><\/p>\n<div class=\"tab-content\">\n<div id=\"miejsce\" class=\"tab-pane active container\">\nStarostwo Powiatowe w Gostyninie, Biuro Obs\u0142ugi, ul. Dmowskiego 13, 09-500 Gostynin lub bezpo\u015brednio do Wydzia\u0142u Dr\u00f3g i Transportu Starostwa Powiatowego w Gostyninie, ul. 3 Maja 43B, lok. 124<\/div>\n<div id=\"oplaty\" class=\"tab-pane container\">\nBrak op\u0142at. W przypadku za\u0142\u0105czenia pe\u0142nomocnictwa \u2013 op\u0142ata skarbowa 17,00 z\u0142otych. Pe\u0142nomocnictwo udzielone ma\u0142\u017conkowi i wst\u0119pnym oraz zst\u0119pnym lub rodze\u0144stwu \u2013 jest zwolnione z op\u0142aty skarbowej. Op\u0142ata skarbowa (je\u017celi wymagana) powinna by\u0107 wniesiona na konto Urz\u0119du Miasta w Gostyninie: 89-1020 3974 0000 5302 0006 6258 (lub w kasie urz\u0119du)<\/div>\n<div id=\"podstawa\" class=\"tab-pane container\">\n\u2022\tustawa z dnia 6 wrze\u015bnia 2001 roku o transporcie drogowym,<br \/>\n\u2022\tustawa z dnia 14 czerwca 1960 roku &#8211; Kodeks post\u0119powania administracyjnego,<br \/>\n\u2022\tustawa z dnia 16 listopada 2006 roku o op\u0142acie skarbowej,<\/div>\n<div id=\"tryb\" class=\"tab-pane container\">\nPrzyj\u0119cie o\u015bwiadczenia i informacji.<\/div>\n<div id=\"termin\" class=\"tab-pane container\">\nBez zb\u0119dnej zw\u0142oki.<\/div>\n<div id=\"inne\" class=\"tab-pane container\">\nSpraw\u0119 za\u0142atwia osobi\u015bcie zainteresowany lub osoba posiadaj\u0105ca pisemne pe\u0142nomocnictwo (pe\u0142nomocnik)<\/div>\n<\/div>\n<p><!-- Nav tabs koniec --><\/p>\n","protected":false},"excerpt":{"rendered":"<p>O\u015aWIADCZENIE O LICZBIE ZATRUDNIONYCH OS\u00d3B I INFORMACJA O \u015aREDNIEJ ARYTMETYCZNEJ LICZBY KIEROWC\u00d3W WYMAGANE DOKUMENTY: Ka\u017cdy przedsi\u0119biorca posiadaj\u0105cy zezwolenie na wykonywanie zawodu przewo\u017anika drogowego (licencj\u0119) przedk\u0142ada corocznie organowi, kt\u00f3ry wyda\u0142 w\/w uprawnienie, w terminie do dnia 31 marca roku nast\u0119pnego (art. 7a ust. 8 ustawy o transporcie drogowym): o\u015bwiadczenie o liczbie os\u00f3b zatrudnionych, w tym os\u00f3b, [&hellip;]<\/p>\n","protected":false},"author":1,"featured_media":0,"parent":0,"menu_order":0,"comment_status":"closed","ping_status":"closed","template":"fullwidth.php","meta":[],"_links":{"self":[{"href":"http:\/\/ebok.gostynin.powiat.pl\/index.php?rest_route=\/wp\/v2\/pages\/7398"}],"collection":[{"href":"http:\/\/ebok.gostynin.powiat.pl\/index.php?rest_route=\/wp\/v2\/pages"}],"about":[{"href":"http:\/\/ebok.gostynin.powiat.pl\/index.php?rest_route=\/wp\/v2\/types\/page"}],"author":[{"embeddable":true,"href":"http:\/\/ebok.gostynin.powiat.pl\/index.php?rest_route=\/wp\/v2\/users\/1"}],"replies":[{"embeddable":true,"href":"http:\/\/ebok.gostynin.powiat.pl\/index.php?rest_route=%2Fwp%2Fv2%2Fcomments&post=7398"}],"version-history":[{"count":15,"href":"http:\/\/ebok.gostynin.powiat.pl\/index.php?rest_route=\/wp\/v2\/pages\/7398\/revisions"}],"predecessor-version":[{"id":7433,"href":"http:\/\/ebok.gostynin.powiat.pl\/index.php?rest_route=\/wp\/v2\/pages\/7398\/revisions\/7433"}],"wp:attachment":[{"href":"http:\/\/ebok.gostynin.powiat.pl\/index.php?rest_route=%2Fwp%2Fv2%2Fmedia&parent=7398"}],"curies":[{"name":"wp","href":"https:\/\/api.w.org\/{rel}","templated":true}]}}