{"id":23,"date":"2018-04-25T07:16:35","date_gmt":"2018-04-25T07:16:35","guid":{"rendered":"http:\/\/gostyninpowiat.home.pl\/autoinstalator\/wordpress1\/?page_id=23"},"modified":"2019-10-11T10:22:57","modified_gmt":"2019-10-11T08:22:57","slug":"przyciski","status":"publish","type":"page","link":"https:\/\/ebok.gostynin.powiat.pl\/?page_id=23","title":{"rendered":"Wydzia\u0142y"},"content":{"rendered":"<h4 align=\"center\">WYBIERZ WYDZIA\u0141 REALIZUJ\u0104CY SPRAW\u0118 DO ZA\u0141ATWIENIA<\/p>\n<div class=\"row justify-content-md-center\">\n<div class=\"col-auto\">\n<a href=\"http:\/\/ebok.gostynin.powiat.pl\/?page_id=44\" class=\"btn btn-dark btn-lg btn-block\" role=\"button\">  WYDZIA\u0141 KOMUNIKACJI  <\/a><br \/>\n<a href=\" http:\/\/ebok.gostynin.powiat.pl\/?page_id=328\" class=\"btn btn-success btn-lg btn-block\" role=\"button\">WYDZIA\u0141 GEODEZJI KARTOGRAFII KATASTRU I NIERUCHOMO\u015aCI<\/a><br \/>\n<a href=\"http:\/\/ebok.gostynin.powiat.pl\/?page_id=331\" class=\"btn btn-danger btn-lg btn-block\" role=\"button\">WYDZIA\u0141 OCHRONY \u015aRODOWISKA I LE\u015aNICTWA<\/a><br \/>\n<a href=\"http:\/\/ebok.gostynin.powiat.pl\/?page_id=333\" class=\"btn btn-warning btn-lg btn-block\" role=\"button\">WYDZIA\u0141 ARCHITEKTURY I BUDOWNICTWA<\/a><br \/>\n<a href=\"http:\/\/ebok.gostynin.powiat.pl\/?page_id=336\" class=\"btn btn-info btn-lg btn-block\" role=\"button\">WYDZIA\u0141 EDUKACJI I KULTURY<\/a><br \/>\n<a href=\"http:\/\/ebok.gostynin.powiat.pl\/?page_id=338\" class=\"btn btn-dark btn-lg btn-block\" role=\"button\">WYDZIA\u0141 PROMOCJI I ROZWOJU<\/a><br \/>\n<a href=\"http:\/\/ebok.gostynin.powiat.pl\/?page_id=682\" class=\"btn btn-success btn-lg btn-block\" role=\"button\">WYDZIA\u0141 ORGANIZACYJNY<\/a><br \/>\n<a href=\"http:\/\/ebok.gostynin.powiat.pl\/?page_id=687\" class=\"btn btn-danger btn-lg btn-block\" role=\"button\">BIURO DS. ZARZ\u0104DZANIA KRYZYSOWEGO I BEZPIECZE\u0143STWA<\/a><br \/>\n<a href=\" http:\/\/ebok.gostynin.powiat.pl\/?page_id=691\" class=\"btn btn-warning btn-lg btn-block\" role=\"button\">ZARZ\u0104D DR\u00d3G POWIATOWYCH<\/a><\/p>\n<\/div>\n<\/div>\n<\/h4>\n","protected":false},"excerpt":{"rendered":"<p>WYBIERZ WYDZIA\u0141 REALIZUJ\u0104CY SPRAW\u0118 DO ZA\u0141ATWIENIA WYDZIA\u0141 KOMUNIKACJI WYDZIA\u0141 GEODEZJI KARTOGRAFII KATASTRU I NIERUCHOMO\u015aCI WYDZIA\u0141 OCHRONY \u015aRODOWISKA I LE\u015aNICTWA WYDZIA\u0141 ARCHITEKTURY I BUDOWNICTWA WYDZIA\u0141 EDUKACJI I KULTURY WYDZIA\u0141 PROMOCJI I ROZWOJU WYDZIA\u0141 ORGANIZACYJNY BIURO DS. ZARZ\u0104DZANIA KRYZYSOWEGO I BEZPIECZE\u0143STWA ZARZ\u0104D DR\u00d3G POWIATOWYCH<\/p>\n","protected":false},"author":1,"featured_media":0,"parent":0,"menu_order":0,"comment_status":"closed","ping_status":"closed","template":"fullwidth.php","meta":[],"_links":{"self":[{"href":"https:\/\/ebok.gostynin.powiat.pl\/index.php?rest_route=\/wp\/v2\/pages\/23"}],"collection":[{"href":"https:\/\/ebok.gostynin.powiat.pl\/index.php?rest_route=\/wp\/v2\/pages"}],"about":[{"href":"https:\/\/ebok.gostynin.powiat.pl\/index.php?rest_route=\/wp\/v2\/types\/page"}],"author":[{"embeddable":true,"href":"https:\/\/ebok.gostynin.powiat.pl\/index.php?rest_route=\/wp\/v2\/users\/1"}],"replies":[{"embeddable":true,"href":"https:\/\/ebok.gostynin.powiat.pl\/index.php?rest_route=%2Fwp%2Fv2%2Fcomments&post=23"}],"version-history":[{"count":47,"href":"https:\/\/ebok.gostynin.powiat.pl\/index.php?rest_route=\/wp\/v2\/pages\/23\/revisions"}],"predecessor-version":[{"id":724,"href":"https:\/\/ebok.gostynin.powiat.pl\/index.php?rest_route=\/wp\/v2\/pages\/23\/revisions\/724"}],"wp:attachment":[{"href":"https:\/\/ebok.gostynin.powiat.pl\/index.php?rest_route=%2Fwp%2Fv2%2Fmedia&parent=23"}],"curies":[{"name":"wp","href":"https:\/\/api.w.org\/{rel}","templated":true}]}}